{"id":501,"date":"2026-03-31T20:04:16","date_gmt":"2026-03-31T18:04:16","guid":{"rendered":"https:\/\/bedroom24.eu\/?post_type=product&#038;p=501"},"modified":"2026-03-31T20:04:16","modified_gmt":"2026-03-31T18:04:16","slug":"luka-lux-i","status":"publish","type":"product","link":"https:\/\/bedroom24.eu\/index.php\/produkt\/luka-lux-i\/","title":{"rendered":"Luka Lux I"},"content":{"rendered":"<p>Nowoczesne \u0142\u00f3\u017cko tapicerowane w g\u0142\u0119bokim, eleganckim odcieniu z wyra\u017an\u0105 struktur\u0105 tkaniny. Prosta forma zosta\u0142a prze\u0142amana mi\u0119kkimi, pionowymi panelami &#8211; ka\u017cdy indywidualnie obszyty, co podkre\u015bla rzemie\u015blniczy charakter \u0142\u00f3\u017cka i dba\u0142o\u015b\u0107 o ka\u017cdy detal.<\/p>\n<p>Ponadczasowa bry\u0142a wprowadza do wn\u0119trza spok\u00f3j i harmoni\u0119, a stabilna konstrukcja oraz komfortowy zag\u0142\u00f3wek sprawiaj\u0105, \u017ce to nie tylko miejsce snu, ale codziennego wyciszenia.<\/p>\n<p>Minimalizm, kt\u00f3ry robi r\u00f3\u017cnic\u0119.<\/p>\n<p>Pojemnik na posciel tak<br \/>\nMaterac w cenie nie<br \/>\nStela\u017c 48 listew<\/p>\n<p><strong>Wymiary:<\/strong><\/p>\n<p>Zag\u0142\u00f3wek<br \/>\nwysoko\u015b\u0107: 120 cm<br \/>\nszeroko\u015b\u0107: 168 cm<br \/>\ngrubo\u015b\u0107: 8 cm<\/p>\n<p>Lagi<br \/>\ngrubo\u015b\u0107: 4 cm<br \/>\nwysoko\u015b\u0107: 40cm<\/p>\n<p>Przodek<br \/>\nwysoko\u015b\u0107: 40 cm<br \/>\nszeroko\u015b\u0107: 168 cm<br \/>\ngrubo\u015b\u0107: 4 cm<\/p>\n<p>&nbsp;<\/p>\n","protected":false},"excerpt":{"rendered":"<p>Nowoczesne \u0142\u00f3\u017cko tapicerowane w g\u0142\u0119bokim, eleganckim odcieniu z wyra\u017an\u0105 struktur\u0105 tkaniny. Prosta forma zosta\u0142a prze\u0142amana mi\u0119kkimi, pionowymi panelami &#8211; ka\u017cdy indywidualnie obszyty, co podkre\u015bla rzemie\u015blniczy charakter \u0142\u00f3\u017cka i dba\u0142o\u015b\u0107 o ka\u017cdy detal.<\/p>\n<p>Ponadczasowa bry\u0142a wprowadza do wn\u0119trza spok\u00f3j i harmoni\u0119, a stabilna konstrukcja oraz komfortowy zag\u0142\u00f3wek sprawiaj\u0105, \u017ce to nie tylko miejsce snu, ale codziennego wyciszenia.<\/p>\n<p>Minimalizm, kt\u00f3ry robi r\u00f3\u017cnic\u0119.<\/p>\n<p>&nbsp;<\/p>\n","protected":false},"featured_media":510,"comment_status":"open","ping_status":"closed","template":"","meta":[],"product_brand":[],"product_cat":[19],"product_tag":[],"class_list":{"0":"post-501","1":"product","2":"type-product","3":"status-publish","4":"has-post-thumbnail","6":"product_cat-bez-kategorii","8":"first","9":"instock","10":"taxable","11":"shipping-taxable","12":"purchasable","13":"product-type-variable"},"jetpack_sharing_enabled":true,"_links":{"self":[{"href":"https:\/\/bedroom24.eu\/index.php\/wp-json\/wp\/v2\/product\/501","targetHints":{"allow":["GET"]}}],"collection":[{"href":"https:\/\/bedroom24.eu\/index.php\/wp-json\/wp\/v2\/product"}],"about":[{"href":"https:\/\/bedroom24.eu\/index.php\/wp-json\/wp\/v2\/types\/product"}],"replies":[{"embeddable":true,"href":"https:\/\/bedroom24.eu\/index.php\/wp-json\/wp\/v2\/comments?post=501"}],"wp:featuredmedia":[{"embeddable":true,"href":"https:\/\/bedroom24.eu\/index.php\/wp-json\/wp\/v2\/media\/510"}],"wp:attachment":[{"href":"https:\/\/bedroom24.eu\/index.php\/wp-json\/wp\/v2\/media?parent=501"}],"wp:term":[{"taxonomy":"product_brand","embeddable":true,"href":"https:\/\/bedroom24.eu\/index.php\/wp-json\/wp\/v2\/product_brand?post=501"},{"taxonomy":"product_cat","embeddable":true,"href":"https:\/\/bedroom24.eu\/index.php\/wp-json\/wp\/v2\/product_cat?post=501"},{"taxonomy":"product_tag","embeddable":true,"href":"https:\/\/bedroom24.eu\/index.php\/wp-json\/wp\/v2\/product_tag?post=501"}],"curies":[{"name":"wp","href":"https:\/\/api.w.org\/{rel}","templated":true}]}}