{"id":391,"date":"2026-02-05T22:53:14","date_gmt":"2026-02-05T21:53:14","guid":{"rendered":"https:\/\/bedroom24.eu\/?post_type=product&#038;p=391"},"modified":"2026-03-23T12:03:45","modified_gmt":"2026-03-23T11:03:45","slug":"baloo","status":"publish","type":"product","link":"https:\/\/bedroom24.eu\/index.php\/produkt\/baloo\/","title":{"rendered":"Baloo"},"content":{"rendered":"<p><strong>\u0141\u00f3\u017cko BALOO<\/strong><\/p>\n<p>Nowoczesne \u0142\u00f3\u017cko BALOO z mi\u0119kkiej tkaniny boucle<\/p>\n<p>Wyj\u0105tkowy projekt, kt\u00f3ry \u0142\u0105czy komfort, minimalistyczn\u0105 form\u0119 i designerski charakter. Bry\u0142a \u0142\u00f3\u017cka zosta\u0142a zbudowana z mi\u0119kkich, tapicerowanych modu\u0142\u00f3w o zaokr\u0105glonych kraw\u0119dziach, tworz\u0105cych harmonijn\u0105, symetryczn\u0105 kompozycj\u0119.<\/p>\n<p>Tkanina boucle nadaje mu przytulno\u015b\u0107 i szlachetn\u0105 struktur\u0119, a masywna forma zapewnia stabilno\u015b\u0107 oraz efekt \u201esoft luxury\u201d, kt\u00f3ry przyci\u0105ga wzrok w ka\u017cdej sypialni.<\/p>\n<p>To \u0142\u00f3\u017cko jest nie tylko wygodne, ale te\u017c stanowi mocny element wystroju &#8211; idealne do wn\u0119trz w stylu modern, minimalistycznym, japandi czy organic cozy. Dzi\u0119ki wysokiej jako\u015bci wykonania i dopracowanym detalom tworzy przestrze\u0144 sprzyjaj\u0105c\u0105 odpoczynkowi, regeneracji i codziennemu rytua\u0142owi wyciszenia.<\/p>\n<p><strong>Wymiary<\/strong><\/p>\n<p>Powierzchnia spania: 140\/200 ,160\/200,180\/200,200\/200cm<br \/>\nSzeroko\u015b\u0107 ca\u0142kowita: + 45 \u0142\u0105cznie do wymiaru<br \/>\nD\u0142ugo\u015b\u0107 ca\u0142kowita 245<br \/>\nWysoko\u015b\u0107 zag\u0142owia 100<br \/>\nGrubo\u015b\u0107 zag\u0142owia 22<br \/>\nWysoko\u015b\u0107 lag 40<\/p>\n<p><strong>Dane techniczne<\/strong><br \/>\nUltra mocny stela\u017c metalowy 47 listew -tak<br \/>\nPojemnik na po\u015bciel-tak<br \/>\nWykonanie szkieletu: P\u0142yta meblowa, Drewno<br \/>\nMaterac w cenie &#8211; nie<\/p>\n","protected":false},"excerpt":{"rendered":"<p>\u0141\u00f3\u017cko BALOO<\/p>\n<p>Nowoczesne \u0142\u00f3\u017cko BALOO z mi\u0119kkiej tkaniny boucle<\/p>\n<p>Wyj\u0105tkowy projekt, kt\u00f3ry \u0142\u0105czy komfort, minimalistyczn\u0105 form\u0119 i designerski charakter. Bry\u0142a \u0142\u00f3\u017cka zosta\u0142a zbudowana z mi\u0119kkich, tapicerowanych modu\u0142\u00f3w o zaokr\u0105glonych kraw\u0119dziach, tworz\u0105cych harmonijn\u0105, symetryczn\u0105 kompozycj\u0119.<\/p>\n<p>Tkanina boucle nadaje mu przytulno\u015b\u0107 i szlachetn\u0105 struktur\u0119, a masywna forma zapewnia stabilno\u015b\u0107 oraz efekt \u201esoft luxury\u201d, kt\u00f3ry przyci\u0105ga wzrok w ka\u017cdej sypialni.<\/p>\n<p>To \u0142\u00f3\u017cko jest nie tylko wygodne, ale te\u017c stanowi mocny element wystroju &#8211; idealne do wn\u0119trz w stylu modern, minimalistycznym, japandi czy organic cozy. Dzi\u0119ki wysokiej jako\u015bci wykonania i dopracowanym detalom tworzy przestrze\u0144 sprzyjaj\u0105c\u0105 odpoczynkowi, regeneracji i codziennemu rytua\u0142owi wyciszenia.<\/p>\n","protected":false},"featured_media":421,"comment_status":"open","ping_status":"closed","template":"","meta":[],"product_brand":[],"product_cat":[19],"product_tag":[],"class_list":{"0":"post-391","1":"product","2":"type-product","3":"status-publish","4":"has-post-thumbnail","6":"product_cat-bez-kategorii","8":"first","9":"instock","10":"taxable","11":"shipping-taxable","12":"purchasable","13":"product-type-variable"},"jetpack_sharing_enabled":true,"_links":{"self":[{"href":"https:\/\/bedroom24.eu\/index.php\/wp-json\/wp\/v2\/product\/391","targetHints":{"allow":["GET"]}}],"collection":[{"href":"https:\/\/bedroom24.eu\/index.php\/wp-json\/wp\/v2\/product"}],"about":[{"href":"https:\/\/bedroom24.eu\/index.php\/wp-json\/wp\/v2\/types\/product"}],"replies":[{"embeddable":true,"href":"https:\/\/bedroom24.eu\/index.php\/wp-json\/wp\/v2\/comments?post=391"}],"wp:featuredmedia":[{"embeddable":true,"href":"https:\/\/bedroom24.eu\/index.php\/wp-json\/wp\/v2\/media\/421"}],"wp:attachment":[{"href":"https:\/\/bedroom24.eu\/index.php\/wp-json\/wp\/v2\/media?parent=391"}],"wp:term":[{"taxonomy":"product_brand","embeddable":true,"href":"https:\/\/bedroom24.eu\/index.php\/wp-json\/wp\/v2\/product_brand?post=391"},{"taxonomy":"product_cat","embeddable":true,"href":"https:\/\/bedroom24.eu\/index.php\/wp-json\/wp\/v2\/product_cat?post=391"},{"taxonomy":"product_tag","embeddable":true,"href":"https:\/\/bedroom24.eu\/index.php\/wp-json\/wp\/v2\/product_tag?post=391"}],"curies":[{"name":"wp","href":"https:\/\/api.w.org\/{rel}","templated":true}]}}