{"id":309,"date":"2026-02-05T21:30:41","date_gmt":"2026-02-05T20:30:41","guid":{"rendered":"https:\/\/bedroom24.eu\/?post_type=product&#038;p=309"},"modified":"2026-03-23T12:02:22","modified_gmt":"2026-03-23T11:02:22","slug":"mo","status":"publish","type":"product","link":"https:\/\/bedroom24.eu\/index.php\/produkt\/mo\/","title":{"rendered":"Mo"},"content":{"rendered":"<p><strong>\u0141\u00f3\u017cko tapicerowane Mo.<\/strong><\/p>\n<p>\u0141\u00f3\u017cko, kt\u00f3re otula spokojem.<\/p>\n<p>Mi\u0119kkie, harmonijne bry\u0142y, dopracowane proporcje i szlachetny design- tworz\u0105 wyj\u0105tkowo minimalistyczn\u0105 form\u0119, kt\u00f3ra wnosi do sypialni cisz\u0119 i elegancj\u0119.<\/p>\n<p>Komfort, kt\u00f3ry wida\u0107 ju\u017c na pierwszy rzut oka i design, kt\u00f3ry b\u0119dzie Ci\u0119 zachwyca\u0107 ka\u017cdego dnia.<\/p>\n<p><strong>Wymiary<\/strong><\/p>\n<p>Powierzchnia spania: 140\/200 ,160\/200,180\/200,200\/200cm<br \/>\nSzeroko\u015b\u0107 ca\u0142kowita + 30 cm \u0142\u0105cznie do wymiaru<br \/>\nD\u0142ugo\u015b\u0107 ca\u0142kowita: + 30 cm do wymiaru<br \/>\nWysoko\u015b\u0107 zag\u0142owia 81 cm<br \/>\nWysoko\u015b\u0107 lag 38cm<\/p>\n<p><strong>Dane techniczne<\/strong><br \/>\nRodzaj stela\u017ca: metalowy Z podno\u015bnikiem gazowym<br \/>\nPojemnik na po\u015bciel-tak<br \/>\nWykonanie szkieletu: P\u0142yta meblowa, Drewno<\/p>\n","protected":false},"excerpt":{"rendered":"<p>\u0141\u00f3\u017cko tapicerowane Mo.<\/p>\n<p>&nbsp;<\/p>\n<p>\u0141\u00f3\u017cko, kt\u00f3re otula spokojem.<\/p>\n<p>Mi\u0119kkie, harmonijne bry\u0142y, dopracowane proporcje i szlachetny design- tworz\u0105 wyj\u0105tkowo minimalistyczn\u0105 form\u0119, kt\u00f3ra wnosi do sypialni cisz\u0119 i elegancj\u0119.<\/p>\n<p>Komfort, kt\u00f3ry wida\u0107 ju\u017c na pierwszy rzut oka i design, kt\u00f3ry b\u0119dzie Ci\u0119 zachwyca\u0107 ka\u017cdego dnia.<\/p>\n","protected":false},"featured_media":337,"comment_status":"open","ping_status":"closed","template":"","meta":[],"product_brand":[],"product_cat":[19],"product_tag":[],"class_list":{"0":"post-309","1":"product","2":"type-product","3":"status-publish","4":"has-post-thumbnail","6":"product_cat-bez-kategorii","8":"first","9":"instock","10":"taxable","11":"shipping-taxable","12":"purchasable","13":"product-type-variable"},"jetpack_sharing_enabled":true,"_links":{"self":[{"href":"https:\/\/bedroom24.eu\/index.php\/wp-json\/wp\/v2\/product\/309","targetHints":{"allow":["GET"]}}],"collection":[{"href":"https:\/\/bedroom24.eu\/index.php\/wp-json\/wp\/v2\/product"}],"about":[{"href":"https:\/\/bedroom24.eu\/index.php\/wp-json\/wp\/v2\/types\/product"}],"replies":[{"embeddable":true,"href":"https:\/\/bedroom24.eu\/index.php\/wp-json\/wp\/v2\/comments?post=309"}],"wp:featuredmedia":[{"embeddable":true,"href":"https:\/\/bedroom24.eu\/index.php\/wp-json\/wp\/v2\/media\/337"}],"wp:attachment":[{"href":"https:\/\/bedroom24.eu\/index.php\/wp-json\/wp\/v2\/media?parent=309"}],"wp:term":[{"taxonomy":"product_brand","embeddable":true,"href":"https:\/\/bedroom24.eu\/index.php\/wp-json\/wp\/v2\/product_brand?post=309"},{"taxonomy":"product_cat","embeddable":true,"href":"https:\/\/bedroom24.eu\/index.php\/wp-json\/wp\/v2\/product_cat?post=309"},{"taxonomy":"product_tag","embeddable":true,"href":"https:\/\/bedroom24.eu\/index.php\/wp-json\/wp\/v2\/product_tag?post=309"}],"curies":[{"name":"wp","href":"https:\/\/api.w.org\/{rel}","templated":true}]}}